ose -4*v + 14 = 2*g, -3*v = 2*v + b*g - 16. What is the units digit of v?
4
Let m(x) = -5*x**2 - 4*x + 1. Let g be m(-3). Let k = g + 73. What is the tens digit of k?
4
What is the tens digit of (-3)/(-6)*(-4 - -90) + -4?
3
Let w(h) be the first derivative of 7*h**2/2 + 3. Suppose 0 = -j, -s + j - 1 = -2. What is the units digit of w(s)?
7
Let p = 17 - -17. What is the tens digit of p?
3
Let n be (2/(-3))/((-8)/36). Let r = -9 + n. What is the units digit of r/(-15) + (-54)/(-15)?
4
Let x(f) = f**2 - f - 4. Let l be x(3). Let q(c) = c - 3*c + 3*c + 8*c**l. What is the units digit of q(1)?
9
Suppose 4*t + 6 = -5*y - 2, -5*t + 11 = y. Suppose 85 = t*h - 14. What is the units digit of h?
3
Let o be (-18)/(-8) - 9/36. Suppose -d + 3*d - 14 = -h, o*h = d + 18. What is the tens digit of h?
1
Suppose 1 = t + 2*o - 12, 4*t = -3*o + 27. Suppose 150 = -t*z + 8*z. What is the tens digit of z?
3
Let u(m) = -14*m**2 + 2*m - 5. Let k(f) = 14*f**2 - 3*f + 6. Let q(r) = -4*k(r) - 5*u(r). What is the units digit of q(-1)?
3
Let d = 19 - 15. What is the units digit of d?
4
Suppose z = -k - 2*k + 26, -4*z + 5*k = -19. Suppose 36 = 5*x + z. Suppose -2*i = -2*j - 20, x*i + 0*j + 4*j - 41 = 0. What is the units digit of i?
9
Let l(n) = -n**2 + n - 2. Let d be l(-2). Let z(h) = -3*h + 1. Let i be z(-5). What is the tens digit of (-130)/d - 4/i?
1
Suppose 2*c + 4 + 5 = v, 4*v - 30 = 5*c. What is the units digit of v?
5
Let l = -4 + 8. Suppose -8 = -l*r + 3*r. What is the units digit of r?
8
Let j(y) = y**3 + 4*y**2 - y + 2. Let u be j(-4). Let h(v) = -7*v**2 + 4*v**2 + u*v**2 + 7*v**2. What is the units digit of h(-1)?
0
Let b be -1 - ((-8)/(-4))/2. Let m(g) = -2*g - 4. Let v(s) = 5*s + 9. Let n(h) = -13*m(h) - 6*v(h). What is the units digit of n(b)?
6
Let m = -3 - -8. Suppose 5*t = -u + 46, 4*u + m*t - 7*t = 96. What is the units digit of u?
6
Let u(w) be the second derivative of -w**5/20 - w**3/6 + w**2/2 - w. Let y be u(0). Suppose 11 = 2*t - y. What is the units digit of t?
6
Suppose -4*k = 2*w - 2, -5 = 4*k - k - 5*w. Let c = 3 - k. Suppose 0 = v + 4*q - 2, -5*v + 43 = 5*q + c. What is the units digit of v?
0
Let g = -5 - -10. Suppose g*l + 80 = 4*a, -2*a - 40 = -6*a - 5*l. What is the tens digit of a?
1
Let v(w) = -w**3 - 5*w**2 + 6*w + 6. Let p be v(-6). Suppose p*q - 20 = q. Suppose q*g = -0*g + 12. What is the units digit of g?
3
Let z = -14 - -11. Let y(r) = 3*r**2 - 3*r + 3. What is the units digit of y(z)?
9
Let x be ((-1)/(-1))/(4 + -3). Let a be x + -2*1 - 2. Let f = 6 + a. What is the units digit of f?
3
Let n(a) = -49*a**3 + 3*a**2 + 4. Let i(q) = 33*q**3 - 2*q**2 - 3. Let y(b) = -7*i(b) - 5*n(b). What is the units digit of y(1)?
4
Let t(b) = -6*b - 6. Let i be t(-6). Suppose 4*s = i + 2. Let h = s - 2. What is the units digit of h?
6
Suppose 0 = -h + 5*h - 440. What is the tens digit of h?
1
Let r(z) = 2 + 0 + 3*z + 8*z. Let u be r(2). Suppose u = 3*g - 0. What is the units digit of g?
8
What is the units digit of 274*(20/8)/5?
7
Suppose -y = -0 + 3. Let r be (-4)/y*18/(-4). Let h = 11 + r. What is the units digit of h?
5
Let u = 9 + 3. Suppose -6*d = -3*d + u. What is the units digit of (2/(-4))/(1/d)?
2
Suppose 9 = 5*k - 1. Suppose -6 = -a - k. Suppose 0 = -a*d + 18 + 2. What is the units digit of d?
5
Let a(y) = -y**2 - 6*y - 2. Let l be a(-4). Let k = 4 + l. What is the units digit of (12/10)/(4/k)?
3
Suppose -9 = 4*s + 7. Let m = s + 1. What is the units digit of (4 + m)*9*1?
9
Suppose -2*f = -3*s - 104, 5*f - 76 = -s + 218. Suppose 3*b = -12, -5*j + b - 9 = -f. Let a = -3 + j. What is the units digit of a?
6
Let t = -3 - 4. Let n = -4 - t. Suppose -37 = -4*y + n*q, 0 - 72 = -4*y - 4*q. What is the tens digit of y?
1
Let z(n) = 3*n - 13. Let w be z(7). Suppose -3*d + 3*t + 2 = w, 0 = -d - t + 4. What is the units digit of d?
1
Suppose 0 = -8*a + 3*a + 2*y - 35, 2*a + 35 = 5*y. Let k = a - -12. What is the units digit of k?
7
Suppose -3*p = -5*j + 3848, -2122 - 958 = -4*j + 2*p. What is the units digit of (-2)/(-15) - j/(-60)?
3
Suppose -g = -3*g + 6. Suppose g*i = 7*i - 20. What is the units digit of i?
5
Suppose 0 = g + g - 4. Suppose r = 4*j + 6, -g*j - 2 = -0*j. What is the units digit of r?
2
Suppose d + w + 2*w = -2, 3*w = -2*d + 8. What is the units digit of d?
0
Let x(q) = 25*q + 15. What is the hundreds digit of x(4)?
1
What is the tens digit of (-30)/2*(-50)/30?
2
Let q(t) = -t**3 + 9*t**2 - 9*t + 15. What is the units digit of q(6)?
9
Suppose -3*y = -2*y + 5. Let j = 19 - y. What is the units digit of j?
4
Let n = 20 - -78. What is the tens digit of n?
9
Let j(m) = -2*m - 6 + 4 - 4. Let a(g) = -4*g + 39. Let o be a(11). What is the units digit of j(o)?
4
Suppose -2*k - 6 = 4*u, -2*u + 16 = -6*u. What is the units digit of k?
5
Suppose 7*s = 2*s. Suppose -o = 3*y - 7, s = 5*o - y - 2*y - 107. What is the units digit of o?
9
Let o = 46 - 27. Suppose -3*i - 4*r - 6 = -0*i, 5*i = 3*r + o. What is the units digit of (3 - i - -2) + -2?
1
Let g = 11 + -9. Let l be 3/(-6) + 25/g. Suppose l = 3*a - 0*a. What is the units digit of a?
4
Let p(r) = -r**3 - 2*r**2 + 2*r + 4. Let x be p(-3). Let b = 16 - x. Let a(w) = w - 4. What is the units digit of a(b)?
5
Let a = -8 + 8. Suppose -2*x = a, c = -2*c - 2*x + 15. Let l = c + -3. What is the units digit of l?
2
Let q be -17 + 3 + 0 - 3. Suppose -4*t = -5*j + 19 + 5, -5*t = -4*j + 30. Let v = t - q. What is the tens digit of v?
1
Suppose -60 = -4*f + 24. Let p = f - 9. What is the tens digit of p?
1
Let i = 87 + -64. What is the units digit of i?
3
Suppose 0 = -4*w + 7 + 13. What is the units digit of w?
5
Let j(z) = 3*z + 13. Let s be j(9). What is the tens digit of s*((-4)/10)/(-1)?
1
Suppose -2*i + 4*n = -10, -4*n = 3*i - 6 + 1. Suppose -2*c - i*f = 2*f - 24, 0 = 4*c + f - 66. What is the tens digit of c?
1
Suppose 5*l - 5*m - 25 = 0, -20 = -3*l + 5*m - m. Suppose 5 = 5*t - 5. Suppose g - t = -l. What is the units digit of g?
2
What is the units digit of 102/1 + (-3)/3?
1
Let v = -237 - -343. What is the units digit of v?
6
What is the hundreds digit of (-14 - -15)/(2/8) - -175?
1
Let u(x) = -x - 1. Let l be u(-9). Let s(d) = -d + 11. What is the units digit of s(l)?
3
Suppose 11 - 32 = -3*c. Let m be 6/3*(-10)/4. Let l = c + m. What is the units digit of l?
2
Let v = -58 - -70. What is the units digit of v?
2
Let j(m) = m**3 + 14*m**2 + 4*m - 32. What is the units digit of j(-13)?
5
Let a(q) = -23*q + 3. What is the units digit of a(-2)?
9
Let w(g) be the second derivative of g**5/20 + 5*g**4/12 - g**3/3 - 5*g**2/2 + 2*g. Let u be w(-5). Suppose -u*s + 3 = -2. What is the units digit of s?
1
What is the tens digit of ((-32)/(-40))/(1/70)?
5
Let r(a) = a**2 - a - 2. Let u be r(3). Suppose 4*t - u = 4. Suppose t*y + 12 = 4*z, -4 = y - 5*y + z. What is the units digit of y?
2
Let n = -51 + 91. Suppose 5*m + l - n = 0, 3*l = m - 6*m + 40. Suppose m = 4*q + 3*c, 0 = 5*q - c - 5 - 5. What is the units digit of q?
2
Suppose -4*x + x + 13 = -2*c, c + 2 = 3*x. Let h(s) = s**3 + 11*s**2 - 2*s - 14. What is the units digit of h(c)?
8
Let p(k) = -4*k - 1. Let h be p(2). Let n(a) = -2*a - 4. Let l be n(h). What is the units digit of 7/l - 7/(-2)?
4
Let d = 5 - -13. Let f = 32 - d. What is the units digit of f?
4
Let z(q) = 7*q + 6. Let v be z(5). Let n = v + -29. What is the units digit of n?
2
What is the hundreds digit of (-42)/7*(-76)/3?
1
What is the tens digit of (-8)/10*1960/(-8)?
9
Let r(h) = -h**3 - 7*h**2 - 6*h + 6. What is the units digit of r(-6)?
6
Let i(h) = 53*h**3 - 2*h**2 + 2*h. What is the tens digit of i(1)?
5
Let k be 6/(-27) + 384/27. Let o = 28 - k. What is the units digit of o?
4
Let q be 5/15*-3 + 71. Let r(c) = c**3 + 7*c**2 + 2*c. Let l be r(-6). Suppose -3*f = -3*t - l, -4*f = f + t - q. What is the units digit of f?
3
Suppose 0 = -0*p + 3*p. Suppose p = -7*x + 3*x + 60. What is the tens digit of x?
1
Let q(o) = 19*o - 26. What is the tens digit of q(5)?
6
Suppose -5*a + 6*n - 5*n = -647, -5*a = 3*n - 659. Suppose 5*k + 11 = 4*r + a, r - 4 = 0. What is the units digit of k?
7
Let m(a) = -a**2 + 3*a + 1. Let j be m(5). What is the units digit of 0 + -1 + 37 + j?
7
Suppose -210 = -4*x + 110. What is the units digit of x?
0
Suppose 9 - 201 = -3*m. Suppose 4*b - m = 52. What is the 